 -2*o + 257. List the prime factors of o.
2, 11
Suppose 0 = -4*t + 299 - 319. Let h(k) = 2*k + 5*k**2 - 3*k - 17 + 0*k**2. List the prime factors of h(t).
113
Let d = 979 + -553. Let j = -168 + d. List the prime factors of j.
2, 3, 43
Suppose 17*c - 14*c - 87333 = -2*s, -3*c = -s + 43653. List the prime factors of s.
2, 3, 19, 383
Let f(m) = m**3 - 101*m**2 - 89*m - 233. What are the prime factors of f(104)?
3, 2551
Suppose -5*b + 143 = 3*o - 103, 0 = -4*o - 4*b + 328. Let n = 80 - o. List the prime factors of 1*n - ((-169)/1 - 1).
2, 3, 7
Suppose -112*u + 936837 - 317670 = 61*u. List the prime factors of u.
3, 1193
Let a = -24 + 12. What are the prime factors of -3*((-104)/a)/((-8)/108)?
3, 13
Let r be ((-18)/12)/((28/(-8))/7). Suppose -516 - 1112 = -5*a + r*g, -2*a + 655 = -5*g. List the prime factors of a.
5, 13
Suppose 0 = 2*b - 2*f, 0 = 2*b - 4*b - 3*f. Let d(h) = h**2 + 13*h + 122. List the prime factors of d(b).
2, 61
Let c = -245 + 133. What are the prime factors of 4/(-14) - 1936/c?
17
Let m be 234/(-27) + (-4)/(-6). Let i be (-357)/34*m/(-6). What are the prime factors of (-50)/(-14) - 4 - 2162/i?
2, 7, 11
Let p be 66/22 + -2 + 1. Let b be 7/3*(p - -1). Suppose 2*h = 11 + b. What are the prime factors of h?
3
Suppose -5 = -3*v + 5*u, -v + 15 = -2*v + 5*u. Suppose -14*f = -12*f - 2*s - v, -5*f + 2*s + 28 = 0. List the prime factors of f.
2, 3
Suppose 45*r = -38*r + 48389. List the prime factors of r.
11, 53
Let p = -8 + 13. Let f(c) = 47*c**3 + 5 - 16 - 46*c**3 - 15*c + p*c**2. List the prime factors of f(-6).
43
Let z(x) be the second derivative of -x**5/20 + 19*x**4/12 - 31*x**3/6 + 11*x**2 + 120*x. List the prime factors of z(14).
2, 71
List the prime factors of 4285 + -5 + -2 + 1/1.
11, 389
Let y = -266 + 1527. What are the prime factors of y?
13, 97
Let f = -4869 + 6843. Suppose 0 = -2*i + 3*j - 8*j + 816, 0 = 5*i - 4*j - f. List the prime factors of i.
2, 199
Suppose 3*d - 9 = 0, 2739 = 3*g - 3*d - 909. What are the prime factors of g?
23, 53
Let f(i) = i**2 + 6*i + 6. Let a be f(-3). Let r be a/(-5) + (-52)/20. What are the prime factors of (-1 + (-1 - 3))*r?
2, 5
Let w be (-6 + 8)*(1 - 114/4). Let j = -57 - w. What are the prime factors of (-1 + 1 + j)/((-1)/76)?
2, 19
Let y(t) = t**3 - 4*t**2 + 4*t - 1. Let o be y(4). Suppose -o*a = -62*a + 44133. What are the prime factors of a?
3, 313
Let f be 1835/(-5) - (-3 + -6). Let l = 1016 + f. List the prime factors of l.
2, 7, 47
Let y(f) = 139*f + 1182. List the prime factors of y(30).
2, 3, 223
Let z(r) = r**2 - 9*r + 16. Let i be z(7). Let l(b) = -20*b**2 + 5 + 11*b**i + 7*b**2 + 34*b. What are the prime factors of l(17)?
5
Suppose -137*i = -135*i, 3*i + 5190 = -2*d + 4*d. What are the prime factors of d?
3, 5, 173
Let s = -413 - -524. Suppose r = s + 107. What are the prime factors of r?
2, 109
Let w(y) = 5*y - 5. Let d = 100 - 95. Let b be (-242)/(-44)*(-1 + d). List the prime factors of w(b).
3, 5, 7
Let o(c) be the third derivative of -c**4/2 - c**3 + 29*c**2. Let p be o(-1). List the prime factors of ((-16)/p)/(4*(-5)/750).
2, 5
Let z(v) = v + 2. Let u(w) = 24*w**2 + 3*w + 17. Let b(x) = u(x) - 6*z(x). List the prime factors of b(4).
13, 29
Let o(a) = 3*a**3 + 38*a**2 - 294*a + 19. List the prime factors of o(8).
3, 5, 109
Let d = 2929 + -1278. Suppose 413 = 8*i - d. List the prime factors of i.
2, 3, 43
Suppose -17*j - 11668 = -37746. Let n = j + -1001. What are the prime factors of n?
13, 41
Let i(s) = s**3 - 8*s**2 - 84*s + 3. Let n be i(14). Suppose -n*a + 993 = -f, -a + 20*f = 17*f - 339. List the prime factors of a.
2, 3, 5, 11
Suppose 0 = 5*b + 15, 2*f + 3*b = -93 + 644. Let y = f - 18. What are the prime factors of y?
2, 131
Let b(a) = a**2 + 8*a - 7. Let p be b(3). Suppose -10*f - p = -176. Suppose -2*q + q = 4*m - 20, 5*m = f. What are the prime factors of q?
2
Suppose 2*v + 21363 = 3*c, 466*c - 469*c + 21360 = -3*v. List the prime factors of c.
17, 419
Let s be 4 - 4/(-3)*-3. Suppose 5*l + s*l = 2*l. Suppose 2*o - 2*b - 26 = l, 3*o + 4*b = -o + 84. What are the prime factors of o?
17
Let r(l) be the second derivative of -l**4/12 - 19*l**3/6 + 4*l**2 - l. Suppose 0 = -26*p - 182 - 52. What are the prime factors of r(p)?
2, 7
Let n(t) = -13*t**2 + 12*t + 15. Let y(u) = -u. Let c(q) = -n(q) - 5*y(q). What are the prime factors of c(-3)?
3, 41
Suppose 5 + 11 = 4*o, -2*o + 420 = 2*b. Let x = -119 + b. Suppose f - 10 = -4*f, -m + 4*f = -x. List the prime factors of m.
5, 19
Suppose 4 = 4*q, 0 = -5*r + 3*q + 298 + 12219. What are the prime factors of r?
2, 313
Let y(v) = 2*v**2 - 3*v + 3. Let n be y(2). Let c be 1445/68 - (-1*4 - 68/(-16)). Suppose -n*p = -c - 89. List the prime factors of p.
2, 11
Suppose -5*y + 3*u - 14 = 0, 4*u - 5 = -5*y - 33. Let m(n) = 159*n - 16. Let f be m(y). What are the prime factors of 4/8 - f/8?
2, 41
Let o = -40 - -66. Suppose o*j - 3275 - 9907 = 0. List the prime factors of j.
3, 13
Let w = 831 - 464. Let a = w - 18. List the prime factors of a.
349
Let r(w) = -77 + 6 - 165 - 172*w. List the prime factors of r(-6).
2, 199
Let n(t) = -t**2 + 1. Let c(v) = -50*v**2 - 5*v + 13. Let r(b) = -c(b) + 6*n(b). What are the prime factors of r(3)?
2, 101
Let h(k) = k**3 - 5*k**2 + 4*k + 6. Let q be h(4). Let g be 9/q - 6/4*-1. List the prime factors of g + 7/(21/99).
2, 3
Let j(a) be the third derivative of -7*a**4/12 + 2*a**3 + 6*a**2 + 4*a. List the prime factors of j(-17).
2, 5
Let a be 1/(-2)*(6 - 6). Suppose 2*l - 4*z = 400, -7*z = -3*z. Suppose -4*u = -a*u - l. List the prime factors of u.
2, 5
Let s be 28/(-322) - (-205)/(-23). Let f(m) = 2*m**2 - m - 8. List the prime factors of f(s).
163
Suppose y - 8343 = -0*y + 3*h, -4 = -2*h. What are the prime factors of y?
3, 11, 23
Let w = 21 + 123. Suppose -3*c + w = -2*a + 489, 3*a + 2*c = 511. List the prime factors of a.
3, 19
Suppose -59*q - 1040842 = -180*q. List the prime factors of q.
2, 11, 17, 23
Suppose 3*w = -5*a, -2*a - 2*w = -0*w. Suppose a = m - k + 8, m + 5*k - 4 = 2*m. List the prime factors of (30/m)/((-6)/45).
5
Let c(d) = -d**3 - 15*d**2 - 28*d - 21. Let p be c(-13). Suppose 12 = p*u - 8. Suppose u*l = -2*l + 1056. List the prime factors of l.
2, 11
Let n = 2 + 5. Suppose n*g + 21 = 4*g. List the prime factors of (g/(42/(-4)))/((-4)/(-174)).
29
Let i(d) = 38*d + 12. Suppose 0 = 4*j - 4, -j - 3*j = 5*r - 34. What are the prime factors of i(r)?
2, 3, 5
Suppose 9*i = -28 - 17. Let r(d) = -30*d - 11. What are the prime factors of r(i)?
139
Let i = 160 + -146. Suppose 0 = f + i*f - 5565. What are the prime factors of f?
7, 53
Let y = 9821 - 8248. What are the prime factors of y?
11, 13
Suppose -j - 29 - 20 = 3*g, 3*j + 2*g + 168 = 0. Let f = 63 + j. Suppose 3*w = -0*w - 5*i + 272, -f*i = 5*w - 450. List the prime factors of w.
89
Let b(z) = -16*z + 156. Let f be b(9). Let g(k) = -k**3 + 19*k**2 - 40*k + 30. List the prime factors of g(f).
2, 3, 31
Let o be (52/16 - (-1)/(-4)) + 0. Suppose -3*y - o*i = 2*y - 1093, 3*i = y - 215. What are the prime factors of y?
2, 109
Let r(s) = s**3 + 6*s**2 - 28*s - 11. Let u(o) = -o**2 - 1. Let k(n) = -r(n) + 3*u(n). Let x be k(-12). Let b = x + 22. What are the prime factors of b?
2, 3, 7
Let f be 84/(-8) + 3/2. Let o be (6/f + 0)*1293/(-2). Let x = o - 295. What are the prime factors of x?
2, 17
Suppose -8 = 25*g - 21*g, -3590 = -4*o - 5*g. Suppose 179*i - o = 174*i. What are the prime factors of i?
2, 3, 5
Suppose -3*b = q - 28963 + 6919, b - 7340 = -3*q. List the prime factors of b.
7349
Let t = 9499 - 5797. Suppose -4*c + 2962 = 3*s - 6*s, 5*c - 4*s = t. What are the prime factors of c?
2, 7, 53
Suppose 148*v = -125*v + 73*v + 298600. What are the prime factors of v?
1493
Let x(m) = 29*m**2 + 24*m + 28. Let u be x(-6). What are the prime factors of ((-10)/8)/((-4)/u)?
2, 5, 29
Suppose -4*h + 10412 = 2*k, 1837*k - 10452 = -4*h + 1840*k. What are the prime factors of h?
3, 11, 79
Suppose -5*v + 862 + 303 = -3*t, 4*t + 1165 = 5*v. What are the prime factors of v?
233
Let b(n) = -6*n**3 - 13*n**2 - 27*n - 84. What are the prime factors of b(-10)?
2, 7, 349
Let i(u) = 54*u + 245. Let k be (-1)/(-30)*618 - (-6)/(-10). What are the prime factors of i(k)?
5, 53
Let m(g) = 502*g**2 - 22*g + 904. What are the prime factors of m(12)?
2, 43, 53
Suppose -